3*t + 36 = 3*g. Calculate the remainder when 24 is divided by g.
11
Let d(c) = -c**2. Let i be d(-1). Let r(k) = -90*k**3 - k - 2. What is the remainder when r(i) is divided by 23?
20
Let o = 62 + -46. Calculate the remainder when 94 is divided by o.
14
Let s(q) = -q**2 + 6*q - 4. Suppose -2*x - 20 = -5*o + 2*x, -x + 8 = 2*o. Let l be s(o). Suppose -l - 26 = -3*m. What is the remainder when 18 is divided by m?
8
Suppose 312 = 38*q - 34*q. Calculate the remainder when q is divided by 27.
24
What is the remainder when 19 is divided by (28/12)/((-3)/(-9))?
5
Let c = 0 + 2. Suppose -c*o + 5 = -o. Calculate the remainder when o is divided by 3.
2
What is the remainder when (-6)/(5 + -11) - -38 is divided by 8?
7
Suppose 4*s - 2*k = -k + 19, 5 = 2*s - 5*k. Calculate the remainder when 18 is divided by s.
3
Let v(r) = -5*r + 3 - 2 + 3*r + 7*r. Suppose 2*a = -2*n + 32, 7*n - 3*n - 2*a = 64. Calculate the remainder when v(6) is divided by n.
15
Let t(u) = u**2 - 8*u + 12. Calculate the remainder when 21 is divided by t(8).
9
Suppose -3*p - 12 = 0, p = -2*a + 2*p + 170. Calculate the remainder when a is divided by 22.
17
Calculate the remainder when (-9 - (-455)/25)/((-2)/(-10)) is divided by 24.
22
Calculate the remainder when (-245)/10*12/(-7) is divided by 22.
20
Let w = 86 - 39. Suppose -5*r + 75 = -28*h + 29*h, 3*h = 3*r - 63. Calculate the remainder when w is divided by r.
15
Suppose 5*v + 124 = 2*o, 4*o - 264 = -v + 3*v. Let k = -60 - -77. What is the remainder when o is divided by k?
16
Suppose -15*f - 67 = -277. What is the remainder when 55 is divided by f?
13
Let m(b) = 4*b**3 - 8*b - 2. Let s(x) = -x**3 + x**2 + x - 1. Let a(u) = -m(u) - 5*s(u). Calculate the remainder when a(5) is divided by 12.
10
Suppose 150 = 5*p - 0*p. What is the remainder when p is divided by 0/4 - (-1)/((-1)/(-8))?
6
Suppose -2*u - 39 = -a - 0*u, -u = 2*a - 73. Calculate the remainder when a is divided by 13.
11
Let x(u) = u + 25. Calculate the remainder when x(-15) is divided by 8.
2
Let w be (-9)/(-6)*-2 + 37. Suppose -4*u - 37 = -5*v, 0 = 4*v + u - 2*u - w. What is the remainder when 52 is divided by v?
7
Let a be (-2 - (0 + -3)) + 1. Suppose 2*t = -a*t + 28. Let f(c) = -c**2 - 11*c + 4. Calculate the remainder when t is divided by f(-11).
3
Suppose 6*t = 3*t + 12. Suppose 2*i = -2*i + t. What is the remainder when (-20 + i)/(1/(-2)) is divided by 13?
12
Suppose -6*x - 5*x + 1870 = 0. What is the remainder when x is divided by 43?
41
Let m = 11 - -8. Suppose -3*z + 6 = -18. Calculate the remainder when -20*(-3 + 10/z) is divided by m.
16
Let d = 63 + -48. What is the remainder when d is divided by 8?
7
Suppose n - 3*n = -158. Let m be (-1036)/(-24) + (-1)/6. Let l = n - m. Calculate the remainder when l is divided by 19.
17
Calculate the remainder when 24 is divided by (-16)/(-16) - (1 + -9).
6
Suppose -3*d - 2*h - 3*h = -21, -d - 10 = -4*h. Calculate the remainder when 5 is divided by d.
1
Let n = 25 - 15. What is the remainder when 28 is divided by n?
8
Suppose -5*d + 103 = 8. Suppose 0 = -3*q - 0*q + 108. What is the remainder when q is divided by d?
17
Suppose 3*h - 6*h - 15 = 0. What is the remainder when (7/3)/(h/(-15)) is divided by 4?
3
Let p(c) = 18*c + 10. Let n(m) = 9*m + 5. Let v(t) = -5*n(t) + 2*p(t). Calculate the remainder when 64 is divided by v(-2).
12
Suppose -6*f + 40 = -2. What is the remainder when 25 is divided by f?
4
Suppose f + 24 = r, -68 = -0*r - 3*r + 5*f. Calculate the remainder when 101 is divided by r.
23
Let h(a) = a**3 + 5*a**2. Let u be h(-5). Let o be (u - (2 + -1))*-3. Let i = o - -2. Calculate the remainder when 14 is divided by i.
4
Suppose 0 = 3*c - 2*s - 221 + 55, 2*c - 124 = 4*s. What is the remainder when c is divided by 15?
7
Let c(z) = z - 1. Let n(l) = l**3 - 7*l**2 - 4*l - 3. Let s(u) = -3*c(u) - n(u). What is the remainder when 25 is divided by s(7)?
12
Suppose -20 = -t - 3*t. Suppose 8*z = t*q + 3*z - 100, -20 = -q + 2*z. What is the remainder when q is divided by 11?
9
Suppose 8*r - 3*r - 73 = 4*o, 79 = 5*r - 2*o. Let q be (-6 - -1)*64/(-10). Suppose -q = -z - 0*z. Calculate the remainder when z is divided by r.
15
Calculate the remainder when (-2)/9 - (-7)/(567/7227) is divided by 18.
17
Let s(u) = u**2. Let i(c) = 2*c. Let d be i(1). Let f = -1 + 11. What is the remainder when f is divided by s(d)?
2
Let b = -1 + 2. Let o = 7 - 8. Let g = o - -2. What is the remainder when b is divided by g?
0
Suppose 0*t - 2*t = -46. What is the remainder when t is divided by 13?
10
Suppose 0 = -3*c + 41 - 20. Let m(y) = -y**3 - 4*y**2 - 2*y - 6. Let g be m(-4). Suppose -g*l = l - 6. What is the remainder when c is divided by l?
1
Let l(g) = 2*g - 17. What is the remainder when 18 is divided by l(14)?
7
Let o(v) = -v**2 + 12*v + 3. Calculate the remainder when 88 is divided by o(10).
19
Suppose -3*f - 5*s - 13 = 6, -5*s = -3*f + 31. Let t = 2 - 4. Let u = t + 6. Calculate the remainder when u is divided by f.
0
Let c(i) = -i**3 + 4*i**2 + 2*i + 5. Calculate the remainder when 23 is divided by c(4).
10
Let z = 122 + -104. What is the remainder when 49 is divided by z?
13
Suppose -1 - 13 = -2*p + 4*b, 3*b + 5 = p. Calculate the remainder when 31 is divided by p.
9
What is the remainder when (((-6)/(-4))/3)/((-10)/(-1940)) is divided by 25?
22
What is the remainder when 29 is divided by (-476)/(-32) - 2/(-16)?
14
Let d(k) = -3 - 1 - k**3 + 8*k**2 - 9*k + 3*k. Suppose 3 = 4*b - 21. What is the remainder when d(b) is divided by 17?
15
Suppose -2*k - 2 + 10 = 0. Calculate the remainder when 4 is divided by k.
0
Suppose -5*r = -q + 26, 4*r + 12 = q + 2*q. Calculate the remainder when 7 is divided by 6/4 - 9/r.
1
Suppose -163 = 4*q + 257. Let b(o) = -o**2 - 6*o - 2. Let l be b(-5). Calculate the remainder when l/3 + q/(-3) is divided by 13.
10
Let p = 15 + 13. Suppose -3*m = -3*a + a - 217, 413 = -4*a - m. Calculate the remainder when p is divided by 2/(-5) + a/(-10).
8
Calculate the remainder when (-5 - (0 - 3)) + 36 is divided by 18.
16
Let r = 19 - 16. Let x(p) = 20*p - 7. Calculate the remainder when x(r) is divided by 28.
25
Let l(q) = -q**3 + 14*q**2 - 30*q - 15. Suppose 0 = 5*z + 4*a - 19, -41 = -5*z + a - 2. Calculate the remainder when l(11) is divided by z.
4
Suppose 4 = -3*u + 184. Let t = u - 16. Calculate the remainder when t is divided by 15.
14
Calculate the remainder when (-464)/(-12) - (-6)/(-9) is divided by (-2 - -1)/((-2)/20).
8
Let u(s) = 3*s**2 - 6*s + 2. Let c(z) = 15*z**2 - 31*z + 9. Let v(g) = -2*c(g) + 11*u(g). What is the remainder when v(3) is divided by 5?
4
Suppose 155 = -2*i - 4*w + 449, 0 = -w + 3. Calculate the remainder when i is divided by 16.
13
Let r(a) = a**2 - 9*a - 2. Let i be r(7). Calculate the remainder when 13 is divided by 3*(i/(-6) - 1).
3
Let t(h) = 5*h - 18. What is the remainder when t(16) is divided by 37?
25
Suppose -3*d + 92 + 13 = o, -3*d = 4*o - 105. Calculate the remainder when d is divided by 13.
9
Let g be (0 - -1) + (-5 - -6). Suppose -m + 5*m = -3*o - 8, g*o - 6 = 3*m. Let f = o - -4. What is the remainder when 7 is divided by f?
3
Suppose -2*m - 6 = -3*o, 3*o + 6 = -3*m - 3. Suppose 50 = 5*g + 2*j + 2*j, g - j - 10 = o. Calculate the remainder when 1/(-1) - (-150)/5 is divided by g.
9
Let c(w) = -w**2 + 9*w - 12. What is the remainder when c(6) is divided by 2?
0
Suppose o + 5*t = -14, 5*o + 4*t - 35 = -0*o. Calculate the remainder when o is divided by 2/(-8) - (-34)/8.
3
Let f be (0*(-1)/3)/1. Suppose f = -a - 2*a + 15. What is the remainder when 17 is divided by (-2)/a - (-188)/20?
8
Suppose 2*b - 2*z - 37 = -3*b, 0 = 3*b + 3*z - 39. Suppose -10 = 5*w, w - 46 = -2*n - 2*n. Let l = n + 5. What is the remainder when l is divided by b?
8
Suppose 3*d + 19 = 88. Calculate the remainder when 42 is divided by d.
19
Let m(v) = -v + 1. Calculate the remainder when (-1)/(0 - (-2 - -3)) is divided by m(0).
0
Suppose -u - 1 = -5. Suppose u*j - 2*j = 0. Suppose 3*f + 4*v - 65 = j, 2*v - v - 50 = -3*f. What is the remainder when 29 is divided by f?
14
Suppose 2*q = -d + 95, -2*d - 86 = -2*q - 0*d. What is the remainder when q is divided by 7?
4
Let l(w) = 2*w**2 - 4*w - 1. Let f = -3 - -7. What is the remainder when l(f) is divided by 4?
3
Suppose l + 12 = -2*l. Let w = l + 4. Suppose 